 p.
2, 3, 5
Let s(k) = 0 + 85*k**2 + 1 - 2 + 14*k - 84*k**2. Let q be s(-14). What are the prime factors of 9 + q + -1 + 3 - -2?
2, 3
Suppose 4 = 4*a - 5*k, 4*a - 8 + 4 = 3*k. Suppose 4*u + 19 = -a, -u = 3*j - 1279. What are the prime factors of j?
2, 107
Let i be (-12)/2*((-6)/2 + 5). Let b be 6/9 + 92/i + 2. Let w = b + 77. What are the prime factors of w?
2, 3
Let x = -576 + 571. List the prime factors of 55*(-1 + -24)/x.
5, 11
Let f(d) = -9*d**3 - 83*d**2 + 27*d + 88. Let b(s) = -13*s**3 - 124*s**2 + 40*s + 131. Let w(n) = -5*b(n) + 7*f(n). List the prime factors of w(-19).
3, 59
Let p(v) = -3*v**2 - 8*v + 2. Let d be ((-4)/6)/((-3)/(-9))*1. Let f(q) = q**3 - q + 1. Let y(w) = d*f(w) + p(w). List the prime factors of y(-4).
2, 13
Let r = -172 + 1551. Suppose 8*d - 93 = r. List the prime factors of d.
2, 23
Let s(j) = -2*j**3 - 7*j**2 - 4*j + 3. Let l = 56 - 26. Let o = 25 - l. What are the prime factors of s(o)?
2, 7
Suppose 45*j - 604638 = 444672. List the prime factors of j.
2, 89, 131
Suppose -67*v - 16896 = -t - 72*v, -6*v - 16863 = -t. What are the prime factors of t?
3, 17, 331
Let a(f) = -93*f**3 - 7*f**2 - 22*f - 11. List the prime factors of a(-3).
2503
Let l(v) = 24*v - 276. Let a be l(10). List the prime factors of (-5550)/a + (-25)/(-30).
5, 31
Suppose -n = 4*b + 8, -17*n + 5*b = -12*n - 10. What are the prime factors of -977*(n + 7 - 8)?
977
Suppose 0 = -a - 3*o + 3106, -5*a + 13538 + 2005 = 2*o. List the prime factors of a.
3109
Let r(u) = -8376*u + 1008. Let d(v) = 436*v - 53. Let i(b) = 96*d(b) + 5*r(b). Let l(n) = n**3 + 2*n + 2. Let k be l(-2). List the prime factors of i(k).
2, 3
Let g = 289 + -1107. Let p = 1500 + g. List the prime factors of p.
2, 11, 31
Let j = -11243 - -17272. List the prime factors of j.
6029
Let d(j) = -2*j**2 - 19*j + 47. Let f be d(-11). Let w(k) = 21*k + 22. What are the prime factors of w(f)?
2, 79
Let n(j) = -58*j + 24*j**2 + 27*j + 33*j - 24 - 17. What are the prime factors of n(4)?
3, 13
Let r(x) = -31*x**2 + 709*x + 15. What are the prime factors of r(19)?
3, 5, 17
Suppose 0 = -181*m - 358143 + 1217531. List the prime factors of m.
2, 1187
Let n(u) = -230*u**3 + 4*u**2 - u - 4. What are the prime factors of n(-3)?
5, 1249
Suppose -2*o - 3*o = 3*d - 1, 5*o - 49 = 3*d. Let n be 247/52 - (-6)/d. Suppose 108 = 3*x + 3*t, 3*x + n*t = x + 72. List the prime factors of x.
2, 3
Let j = 117 - 27. Let z(w) = -36*w + 14. Let d be z(-4). Let i = d - j. List the prime factors of i.
2, 17
Let z = -5366 + 3437. Let l = 3109 + z. What are the prime factors of l?
2, 5, 59
Let s(f) = -18*f + 59. Let d be s(3). Suppose -4959 = -5*g + 2*v, -d*g - v = -3*g - 1989. List the prime factors of g.
3, 331
Suppose 0 = 6*w - 10*w. Suppose -7 = -2*l + u, 4*l - 3*u + 2*u - 13 = w. Suppose 0 = -4*x - 0*x - j + 446, l*x - j = 338. What are the prime factors of x?
2, 7
Let d(w) = w + 31. Let b = -126 + 132. Let f be d(b). Suppose -819 = -f*l + 34*l. What are the prime factors of l?
3, 7, 13
Let c(t) = -t**3 - 25*t**2 - 34*t + 6. Let x be c(-24). Suppose y = 16 + x. What are the prime factors of y?
2, 131
Let k(v) = 2*v**2 - 13*v - 4. Let z(m) = -3*m - 45. Suppose 3 = n, -6*j + j + 5*n - 105 = 0. Let t be z(j). List the prime factors of k(t).
41
Let u(h) = 11*h**2 - 12*h - 5. Let z be u(6). Let b = -134 + z. Suppose 8*w - 3*w - b = 0. List the prime factors of w.
37
Let l = 9731 - 5049. What are the prime factors of l?
2, 2341
Suppose 0 = -4*d + 3*y + 3277, -4*d + 3275 = -7*y + 2*y. Suppose 15*n - 3279 = 11*n + 5*o, -n = -o - d. List the prime factors of n.
821
Let d(j) = -311*j + 196. List the prime factors of d(-36).
2, 89
Let f be 12/(-18) - (-922)/6. Let b be (-4)/18 + 26656/f. Suppose -b = -3*j + 3*h, 3*h + 140 = 4*j - 93. What are the prime factors of j?
59
Suppose -4*x + 3*y + 3101 = 0, 2*x = y - 257 + 1808. Suppose -5*j - 5 = 0, -2*j = 3*n - 3035 - x. List the prime factors of n.
31, 41
Let z(i) = -4*i**2 + 34*i + 5. Let h be (-3 + 2)*22/11. Let p(d) = 2*d**2 - 17*d - 3. Let k(v) = h*z(v) - 5*p(v). What are the prime factors of k(7)?
2, 13
Let b = -6138 + 9534. List the prime factors of b.
2, 3, 283
Let z(b) = b**3 + 3*b**2 - 20*b + 16056. What are the prime factors of z(0)?
2, 3, 223
Let g(z) = -z**2 + 3*z + 3. Let y be (-2)/(4 - (-28)/(-6)). Let d be g(y). Suppose 98 = b - d. What are the prime factors of b?
101
Let x = 73969 + -25216. List the prime factors of x.
3, 5417
Suppose 15574 + 10326 = 11*q - 33192. List the prime factors of q.
2, 17, 79
Let q = -18320 + 47976. List the prime factors of q.
2, 11, 337
Let n(i) be the first derivative of 22*i**3/3 + 3*i**2 - 3*i + 11. Let h be n(5). Suppose -8*f + 239 = -h. List the prime factors of f.
2, 3, 17
List the prime factors of ((-69)/9)/(84/(-110628)).
23, 439
Let b(s) = 13*s + 91. Let v be b(-11). Let x = 153 + v. List the prime factors of x.
101
Let z(x) = -1207*x - 1688. List the prime factors of z(-65).
3, 25589
Let h(r) = -17*r**3 - 6*r**2 + 24*r - 42. Let a(w) = 22*w**3 + 7*w**2 - 25*w + 43. Let p(c) = -3*a(c) - 4*h(c). List the prime factors of p(9).
3, 11, 47
Suppose -4*i - 279 = 27*i. Let p(f) = -f**3 + 6*f**2 + 2*f + 7. Let q be p(6). Let y = q + i. List the prime factors of y.
2, 5
Suppose 4*l + 156*z - 77518 = 155*z, z = 5*l - 96911. What are the prime factors of l?
19381
Let m(v) = v**3 - 25*v**2 + 36*v + 26. Let y be m(25). Suppose 80 = -9*f + y. What are the prime factors of f?
2, 47
Let x(p) = p**2 - 20*p + 78. Let w be x(11). Let v = w + 200. List the prime factors of v.
179
Suppose -119 = c - 0. Let l = 191 + c. Let a = -54 + l. List the prime factors of a.
2, 3
Let p = 103 + -106. List the prime factors of (-3 - (p - -1)) + 3 + 275.
277
Suppose -5*y = -4*p + 7, -5*y = 2*p - 10*y - 11. Let w be ((-156)/65)/(-3*p/80). What are the prime factors of (-11)/((-66)/w)*(-12 - 0)?
2
Let p(a) = -a**2 + 21*a - 27. Let k be p(19). Suppose -2*t + 20 = g, -4*t - k*g + 8*g + 36 = 0. List the prime factors of t.
2, 3
Suppose -425*b + 417*b + 45672 = 0. Suppose 20*o = -b + 36049. List the prime factors of o.
37, 41
Let v(n) = -280*n**3 + 17*n**2 + 16*n - 5. List the prime factors of v(-2).
3, 757
Suppose -333*p + 335*p - 61819 = 3*b, 4*p = 5*b + 123629. What are the prime factors of p?
2, 1931
Let k = -5110 + 6695. List the prime factors of k.
5, 317
Suppose 4*s = 5*m - 9643, -5*m - 3*s = -1865 - 7729. List the prime factors of m.
3, 641
Let d = 12749 - 11815. What are the prime factors of d?
2, 467
Let g = 59 + -59. Suppose 5*b - 12 + 12 = g. Suppose -5*i + 2*d = 3*d - 575, i - d - 109 = b. What are the prime factors of i?
2, 3, 19
Let q(i) = i**2 + i + 2. Let l be q(-1). Let h(a) = -7*a**3 - 14*a**3 - 1 + 193*a**3 + l*a**2. What are the prime factors of h(1)?
173
List the prime factors of 25/(-75) + 42196/3 + 6 + -6.
5, 29, 97
Suppose 0 = 127*x - 9825 - 23703. List the prime factors of x.
2, 3, 11
Suppose -5*h = 631 + 9. Let n = h + 130. Suppose n*t + 27 = 307. What are the prime factors of t?
2, 5, 7
Suppose 62*m - 68*m + 1056 = 0. Let b = 256 + m. What are the prime factors of b?
2, 3
Suppose -3*v - 2*u - 1335 + 41 = 0, -2*v - 5*u = 859. Let z = v + 656. List the prime factors of z.
2, 7
Let s be (8/(64/6))/(1/24). Let g be 6*(-1 - 0)*(-12)/s. Suppose 3*t = -g*t + 1456. List the prime factors of t.
2, 13
Suppose 2*j = 2*b + 52, -5*j - 464*b + 467*b = -140. Let x(i) = 25*i**2 + 16*i - 4 - i**3 + 7*i**2 - 43*i. List the prime factors of x(j).
2, 3, 5
What are the prime factors of (-66)/(-12) - (-118590)/60?
2, 991
Suppose -8*i - 60 = -5*l - 3*i, -2*i = 2*l - 32. List the prime factors of 242*18/21*l/8.
3, 11
Suppose 4*o - 3*o = 2*i, 4*o + 5*i = -52. List the prime factors of o/32*1*-2932.
733
Suppose 0*v = -8*v + 424. Suppose -3*l = -j - 92, -v = -2*l + 5*j + 4. What are the prime factors of l?
31
Suppose -65*n + 238*n = 1953456 + 10020047. What are the prime factors of n?
67, 1033
Let a be ((-3)/(66/649))/(2/(-4)). Suppose 29317 = 78*w - a*w. List the prime factors of w.
1543
Let z be ((-17)/(510/252))/(3/(-10)). Suppose 2*q + 25*l - 1649 = z*l, 1643 = 2*q - l. List the prime factors of q.
2, 5, 41
Suppose 17 = 4*a + 9, 4*a = -3*b - 2641. Let u = b - -1215. List the prime factors of u.
2, 83
List the prime factors of (-2668)/3*(1 + -21 - (-1148)/82).
2, 